t of p?
3
Let d(h) = h**2 - 7*h + 8. Let s be -1*(-1 + 3) - -8. Let w be d(s). Suppose 10 = 2*y - w. What is the units digit of y?
6
Suppose 3*g = -x + 527, 5*g - x = 628 + 261. What is the tens digit of g?
7
Let d(f) = 6*f**2 - f - 1. Let s(t) = 11*t**2 - 2*t - 2. Let r(y) = 7*d(y) - 4*s(y). Let b(z) be the first derivative of r(z). What is the units digit of b(-1)?
5
Let i(g) = g**3 - 5*g**2 - 3*g - 3. What is the units digit of i(6)?
5
Let x be 8/(-2 + (-68)/(-32)). Let f = x - 46. What is the tens digit of f?
1
Suppose -5*j - 73 = 82. Let z = -2 - j. What is the units digit of z?
9
Let q(z) = 15*z**2 + 2*z + 2. Let p be q(-2). Let n = -33 + p. What is the tens digit of n?
2
Suppose 6*h = 3*h + 525. What is the hundreds digit of h?
1
Let w(s) = s**3 - 11*s**2 - s + 14. Let z be w(11). Suppose f = -5, 2*j + z*f + 10 = 1. What is the units digit of j?
3
Let c(s) = -s**3 - 4*s**2 - 3*s + 5. Let f be c(-5). Let b = -30 + f. What is the units digit of b?
5
Suppose -3*j - 6 = -j. What is the units digit of (1/j)/(1/(-24))?
8
Suppose -28 = -0*q + 4*q. Let k = -5 - q. Suppose 10 - k = g. What is the units digit of g?
8
Let c = 15 + 4. What is the tens digit of c?
1
Let k = -1 - -3. Suppose 0 = -c - 4*c. Let v = k + c. What is the units digit of v?
2
Let u = -3 + 7. Let d(p) = -p**3 + 6*p**2 - 5*p + 4. What is the tens digit of d(u)?
1
Let u = -6 - -29. What is the units digit of u?
3
Suppose 2*w + 3 = w. What is the units digit of (3 - 2 - -5) + w?
3
Suppose -2*r = 4*k - 50, -3*r - 3*k + 55 = -35. Let d = -20 + r. What is the units digit of d?
5
Let k = 175 - 124. Suppose -90 = 3*w + k. Let i = 69 + w. What is the units digit of i?
2
Suppose -t - 2 = 0, -2*t = v - 3*v - 8. What is the units digit of (4/5)/(v/(-90))?
2
Let a(q) be the third derivative of q**6/120 + q**5/20 - 5*q**4/24 + q**3/2 + q**2. What is the units digit of a(-4)?
7
Let o(f) = 13*f + 3. Let c be o(-2). Let a = -8 - c. What is the units digit of a?
5
Let j = 16 - 12. Suppose -f = 5*a - 41, j*a = f + f - 12. What is the tens digit of f?
1
Let m = -17 + 29. Let a = m - 11. What is the units digit of a?
1
Let k(b) = b**3 - 4*b**2 + 4*b - 5. Let u be k(5). Suppose 4*s - 2*y = u, s + 2*y = 3*y + 10. What is the tens digit of s?
1
Let g = -2 - -2. What is the units digit of 2/(-1 + 3 - g)?
1
Let b(j) = -j + 8. Let a be b(6). Let g be (-4)/(0 - (a - 0)). What is the units digit of g/(-3) - 78/(-9)?
8
Suppose -5*p + 0*p = 4*x + 4, 2*p = 4*x + 4. Let t be (p - 1 - -1)/1. Suppose t = -5*g - 3 + 18. What is the units digit of g?
3
Suppose 5*b - 8 = -v + 43, v - 96 = 4*b. What is the units digit of v?
6
Suppose -3*b + 5*d = -92, -b + 30 = -0*d - 2*d. What is the tens digit of b?
3
Let o = 6 - -11. What is the tens digit of o?
1
What is the units digit of (-5*6/(-45))/((-2)/(-141))?
7
Let s = 119 + -83. What is the tens digit of s?
3
Let n(u) = -u**3 - 4*u**2 - 4*u + 4. What is the units digit of n(-4)?
0
Suppose 45 = 5*l - 400. Let a = l - 43. What is the units digit of a?
6
Let f = 53 - 16. What is the units digit of f?
7
Suppose -2*a + 6 + 0 = 0. Suppose 0 = a*b - 2*b - 2*z + 18, -3*z + 9 = 0. What is the units digit of (-3)/2*40/b?
5
Suppose 4*h = -5*t + 60 - 18, -h + 4*t = 0. Suppose -2*o + 5*o = 4*p - 40, h = 2*o. What is the tens digit of p?
1
Let y be ((-6)/6)/((-2)/(-6)). Let h = y - -14. What is the units digit of h?
1
Let z = -367 - -537. What is the tens digit of z?
7
Suppose 4*h = 2*m + 10, 4*h + 0*m + 2*m = 30. Suppose t - 13 = 2*p, 3*p - 1 = h*t - 24. Let q(a) = -a - 5. What is the units digit of q(p)?
1
Let s = 26 + -36. What is the units digit of ((-32)/s)/(8/20)?
8
Suppose 0 = 11*t - 24*t + 715. What is the units digit of t?
5
Let h(z) be the second derivative of z**5/20 + z**4/2 + z**3/6 + 4*z**2 + 3*z. Let q be h(-6). Suppose -q = -j + 10. What is the units digit of j?
2
Let b(v) = -12*v**3 + 3*v**2 + v - 4. What is the tens digit of b(-2)?
0
Let l(q) = -q**3 - 7*q**2 - 7*q - 3. Let i be l(-6). What is the units digit of 26/i + (-4)/(-12)?
9
Suppose 0 = -6*d + 3*d - 6. Let n = 15 - d. What is the units digit of n?
7
Let z = 77 + -20. What is the tens digit of z?
5
Suppose 21 = -5*p + 2*n, 0*p - n + 15 = -4*p. Let k(d) = d**2 + 4*d - 7. Let q be k(-5). What is the units digit of ((-3)/q)/(p/(-16))?
8
Suppose 2*t - 472 = -2*g, -11*t + 1176 = -6*t + g. What is the hundreds digit of t?
2
Let v(j) = 9*j + 8. Let d be v(6). Suppose 5*m + 5*g - d = 2*m, -5*m = 5*g - 110. What is the tens digit of m?
2
Let z(p) = -p**2 - 16*p - 19. What is the units digit of z(-14)?
9
Suppose 4*d - 11 + 7 = 0. What is the units digit of d?
1
Let b = 41 - 26. What is the units digit of b?
5
Let a(h) = h + 8. Suppose -4*m + 3*t = -5, 0 = -0*t - 2*t - 6. Let x = -5 + m. What is the units digit of a(x)?
2
Let z be (-10)/(-45) - (-248)/18. Let q = 0 + 4. What is the units digit of q/z*(6 - -1)?
2
Let p(m) = 3*m + 4. Let u be p(-4). What is the tens digit of (-8)/32 + (-154)/u?
1
Let c = -7 - -10. What is the units digit of c?
3
What is the units digit of (-4 - (-85 + 2)) + (2 - 4)?
7
Suppose 2*c - 20 = -0. Let a = c - 2. What is the units digit of a?
8
Let c = -7 - -12. Let f = -12 - -17. Suppose -f*h + c = -35. What is the units digit of h?
8
Let g(s) = s + 8. Let o(c) = -c**2 + 6*c - 5. Let l be o(5). Let n be g(l). Suppose 5*h = 18 - n. What is the units digit of h?
2
Suppose 4*a - 4*n + 3*n - 108 = 0, 3*n - 118 = -5*a. What is the units digit of a?
6
Suppose -4*g + 7 = -25. What is the units digit of g?
8
Let o = 197 - 139. What is the units digit of o?
8
Let v = -12 + 35. What is the units digit of v?
3
Let o(j) = j**2 + 3*j + 5. Suppose 2 + 2 = -x. What is the units digit of o(x)?
9
Suppose -3*a - 5*b = -420 - 31, -3*b = 2*a - 301. What is the hundreds digit of a?
1
Suppose -3*a = -4*h, -a = -0*h - 2*h. Let z be (h - (2 - 1))*1. What is the units digit of -4*(z + 0/(-1))?
4
Let j = 3 + -1. Let z be j/2 - (-6 - -3). Suppose -26 = z*w - 6*w. What is the units digit of w?
3
Let v(w) = -w**2 - 8*w - 9. Let d be v(-6). Suppose -4*a + 3 = c - 5, 6 = d*a. Suppose -4*u + 9 + 35 = c. What is the units digit of u?
1
Let l(o) = o**3 + 4*o**2 - 12*o + 1. Suppose 2*q - 25 = 7*q. What is the tens digit of l(q)?
3
Suppose 3*l = 3*p + 126, -p - 99 = p + l. Let d = p - -71. What is the units digit of d?
4
Let g(n) = n + 19. What is the units digit of g(0)?
9
Let j = -59 - -117. What is the tens digit of j?
5
Suppose -29 = 3*q - y + 2, 2*q + 21 = y. What is the tens digit of (-15)/2*24/q?
1
Suppose -4*i - 4 = -20. Suppose -2*u = -i*b - 64 + 18, 4*u + b - 83 = 0. Let k = u + -13. What is the units digit of k?
8
Let t = 195 + -101. What is the tens digit of t?
9
Suppose g - 24 + 4 = 0. What is the tens digit of g?
2
Suppose 15 = -3*f, -3*x + x + f = -13. Suppose 0 = -x*q - 38 - 14. Let c = -7 - q. What is the units digit of c?
6
Suppose 53*h - 50*h - 174 = 0. What is the units digit of h?
8
Let q be ((-3)/(-6))/((-2)/(-8)). Suppose -5*n + 140 = 4*v, q*v = -5*n + 19 + 111. What is the tens digit of n?
2
What is the tens digit of -32*((-3)/1)/3?
3
Let w be 570/8 - (-4)/(-16). Suppose -x = 2*x. Suppose 4*v - 9 = -29, 4*t + v - w = x. What is the tens digit of t?
1
Let s = 229 + -147. What is the tens digit of s?
8
What is the tens digit of -4*(-7 - -6) - (-92)/1?
9
Suppose -2*p = 2*i + 12, 0 = 5*p + 4*i + 27. Let d be 3*((-2)/p + 2). Let j = d + -4. What is the units digit of j?
4
Let v be -1*(0 + -2 + 2). Suppose 3*l + 2*r = 3*r, v = 4*l - 5*r. Suppose l = -4*f + 5 + 3. What is the units digit of f?
2
Suppose -3*n = n - 16. What is the units digit of n?
4
Suppose 0 = 2*z - b + 3*b + 2, 10 = -z - 4*b. What is the units digit of z?
2
Let f be (0 - 2)/((-4)/50). Let h be ((-48)/20)/((-2)/f). Suppose 0 = 5*u + a - h, 4*u - 2*a = 3*a + 24. What is the units digit of u?
6
Let j = -8 + 56. What is the units digit of j?
8
Suppose -2*z + 3*r - 167 = -0*r, 2*r = -z - 94. What is the tens digit of z/(-5) + (-14)/(-35)?
1
What is the tens digit of ((-2)/4)/((-9)/324)?
1
Let r be (3/4)/(2/8). Suppose n = -1 + r. Suppose -n*g + 6*g = 4. What is the units digit of g?
1
Let s = -3 + 6. Suppose 5*r - 3*v = -0*r + 5, -3*r + 3 = -s*v. Let x(c) = 5*c**2 - c + 1. What is the units digit of x(r)?
5
Let c(n) = -n**3 + 5*n**2 + n - 3. W